*k**2 + 10*k + 38. Determine v(-12).
-2
Let a(v) = -2*v**3 - 17*v**2 + 168*v + 1376. Let j be a(-10). Let k(b) = b**3 + 8*b**2 + 5*b + 13. What is k(j)?
57
Let x(s) = 3*s**3 - 2*s**2 + 2*s + 6. Suppose 164*p - 165*p + 4*y + 2 = 0, 2*p + y + 5 = 0. What is x(p)?
-30
Suppose -24*j - 108 - 84 = 0. Let z(y) = 3*y**2 + 11*y + 11. Calculate z(j).
115
Let j(h) be the third derivative of -h**4/24 + h**3 - 2*h**2. Suppose 0 = 3464*k - 3480*k + 144. Determine j(k).
-3
Let i(h) = -2*h**3 - 10*h**2 + h - 4. Suppose 0 = 19*m + 5*m - 120. Let o(a) = 3*a**3 + 16*a**2 - a + 7. Let d(y) = m*i(y) + 3*o(y). Give d(2).
-11
Suppose -5*r = -2*y - 55, -3*y - 45 = 2*r - 48. Let h(g) = 2*g - 4. Let c(q) = -2*q + 5. Let m(l) = -2*c(l) - 3*h(l). Determine m(y).
12
Let o(f) = -15*f - 215 + 61 + 80 + 64. Calculate o(-1).
5
Let g be -9*5*2/(-30). Let w(p) = -46*p**g - 6*p - 7*p**2 - 60*p**3 + 107*p**3 - 3. Give w(8).
13
Let r(t) = -t**2 + 8*t - 7. Let n(u) = -3*u**2 + 24*u - 21. Suppose 7*o + 4 = -52. Let j be -1*(-12)/(-8)*-2. Let v(p) = j*n(p) + o*r(p). What is v(5)?
8
Let p = 1 + 5. Let g(b) = -2*b**3 + 5 - 8*b**2 - b - 12*b + 4*b**3 + 25*b - b**3. Give g(p).
5
Let o(k) = -2*k - 29. Let j(a) = -a - 15. Let t(s) = -11*j(s) + 6*o(s). Let y = -281 + 269. Let v be 0*(y/(-8) - 1). Give t(v).
-9
Let p(w) = -w**2 - 1. Let g(k) = -k**3 - 16*k**2 - 8*k - 4. Let x(f) = -g(f) + 6*p(f). Let r = 151 - 160. Let a be x(r). Let l(n) = 3*n - 4. Calculate l(a).
17
Let i(f) = 3*f + 5. Suppose -6*z - 3*z + 594 = 0. Let k = -144 + z. Let w be k/(-12) - (-12)/(-8). What is i(w)?
20
Let l(n) = -16*n**2 + 35*n - 59. Let x(b) = -19*b**2 + 36*b - 60. Let q(k) = 7*l(k) - 6*x(k). Determine q(-16).
-5
Let o(p) be the second derivative of 17*p**3/3 - 40*p - 54. What is o(-4)?
-136
Let r be 12/(28/(-9) + 2) - (-18)/(-15). Let j(p) = -8*p - 94. Determine j(r).
2
Let f(d) = 52274650*d - 52274506*d - 164 - 417. Give f(4).
-5
Let p(z) be the first derivative of z**6/120 + z**5/30 + z**4/8 + z**3/6 - 27*z**2/2 - 2*z - 8. Let a(o) be the second derivative of p(o). Determine a(-2).
-5
Let f(r) = -5*r**3 - r**2 + 1. Let g(l) = -16*l**3 + 18*l**2 + 23*l - 18. Let h(i) = 3*f(i) - g(i). Give h(22).
-1
Let s(o) = o**2 - 19*o - 1. Let g(n) = -4*n**2 + 47*n + 12. Let w(a) = -g(a) - 3*s(a). Determine w(-12).
15
Let c(y) = y + 1. Suppose 0 = -8*i - 42 + 106. Let b be (-9)/12 - 154/i. Let x = -23 - b. Give c(x).
-2
Let z(x) = -x**3 - 4*x**2 - 1 - 2*x + 0*x**3 + 2. Let p(t) = 3835*t + 126552. Let w be p(-33). Give z(w).
-2
Let j be ((-13)/2 - -7)/((-2)/(-32)). Let w(k) = 2*k - k**2 - j + 6 + 6. Calculate w(4).
-4
Suppose 5*b - 4*z = z, b - 10 = -z. Let s(n) = 14 + 14 - n**3 - 17 + 7*n**2 - b - 8*n. Let l(a) = a**2 - 4*a - 6. Let h be l(6). What is s(h)?
-6
Let g(u) = -23*u**3 + u**2 + u + 1. Let w be g(-1). Let b = -17 + w. Let y(i) = i + 138. Let a(f) = f**2 - 9*f - 418. Let x(h) = -a(h) - 3*y(h). Give x(b).
-3
Let w(c) = 82016 - 82030 + 13*c - c. What is w(5)?
46
Let h(u) = -u - 4. Let j(l) = l**3 + 5*l**2 + 4*l + 3. Let c be -3*12/9 - 8. Let t(w) = -w - 16. Let o be t(c). Let m be j(o). Calculate h(m).
-7
Let n = -40687 - -40688. Let x(d) = d**2 - d - 1. Calculate x(n).
-1
Let f(b) = -3*b + 5 - 387*b**3 + b**2 - 380*b**3 - 389*b**3 + 1159*b**3. Calculate f(2).
27
Let q(x) = x**3 - 3*x**2 - 5*x + 4. Suppose -14*p + 10*p - 2*i + 14 = 0, 3*p + 4*i - 13 = 0. Suppose 0 = 4*f - 3*f - p, -5*a + 4*f = -3. What is q(a)?
-11
Let f(v) = v - 12. Let w(q) = q**3 - 36*q**2 + 38*q - 101. Let i be w(35). Suppose -m - i*m = -30. Give f(m).
-6
Let j(x) = -x**3 + 3*x**2 + 4*x - 2. Let r = -1015 + 548. Let h = r - -471. Determine j(h).
-2
Suppose 3*i - 3 = r, 3*r + 4 = -i + 15. Let d(x) = -7*x - 149 + 165 + i*x. Let s be d(3). Let q(o) = 7*o**3 - 1. Calculate q(s).
6
Let k(o) = o**2 - 155*o - 2928. Let g be k(-17). Let z(s) = s**3 + s**2 - 17*s - 2. Give z(g).
18
Let t(p) = -51*p - 23. Let q(l) = -141*l - 71. Let s(k) = 4*q(k) - 11*t(k). Calculate s(-14).
11
Let u(f) = -f**3 + 7*f**2 + 9*f - 17. Let l(s) = -2*s**2 + 69*s - 377. Let y be l(7). What is u(y)?
-9
Let y(n) be the second derivative of n**4/6 - n**3/2 + 3*n**2 - 976*n - 2. Give y(6).
60
Let q be -285 + 285 - (1 - -2). Let s(i) = -4*i - 4*i - 2*i - 3. Give s(q).
27
Let a(k) = 4*k + 1. Suppose 3*t + 1 = -4*l + 7, 3*l + t - 7 = 0. Let c(y) = 12*y + 3. Let p = 11 - 19. Let q(w) = l*c(w) + p*a(w). Give q(1).
5
Let k be (-4)/9 - (-13)/9. Suppose -5*h + 8 = -2*a, -7 - k = 2*a. Let r(x) = x**3 - x**2 - x - 16. What is r(h)?
-16
Let c(j) = 2*j**3 + 6*j**2 - 2. Let p = -83 + 80. Let k be c(p). Let z(i) = -i + 1. Let q(r) = 5*r - 5. Let f(t) = k*q(t) - 9*z(t). Determine f(2).
-1
Let g(n) be the first derivative of -n**3/3 - 4*n**2 + 22*n - 630. Calculate g(-10).
2
Let w(v) = -2 + 9 + 4*v**2 - 10*v - 4*v**2 - 5*v**2 + v**3. Let h(q) = 76 + q - 80 + 5*q - q. Let a be h(2). Determine w(a).
-17
Let a(g) be the first derivative of g**4/4 - 22*g**3/3 + 9*g**2 + 42*g - 10709. What is a(21)?
-21
Let q(x) = 2*x**2 + 23*x + 50. Let k be q(-9). Suppose -2*o = z - 9, 3*z = o - 1 - 0. Let t(s) = -z - 3*s - 3*s - s + k*s. Give t(4).
-9
Let v(q) be the second derivative of 46*q + 11/2*q**2 + 0 - 1/3*q**3. Let d = 24 + -14. What is v(d)?
-9
Let y(r) = 9*r**3 + 3*r**2 + 4*r + 15. Let f(c) = -5*c**3 - c**2 - 2*c - 8. Let v = 79 - 47. Suppose -5*q - 3 = v. Let o(m) = q*f(m) - 4*y(m). What is o(-5)?
6
Let n(l) = -l**3 - 4*l**2 + 21*l + 82. Let k be n(-4). Let j(c) = -c - 10. What is j(k)?
-8
Let y(g) be the third derivative of -1/6*g**3 + 114*g - 19/12*g**4 - g**2 + 0. What is y(1)?
-39
Let x be (-4515)/(-525) - 8/5. Let p(f) = -3*f + 13. Determine p(x).
-8
Let d(i) = 627*i - 111 + 32 - 1204*i - 383 + 613*i. Calculate d(13).
6
Let o(f) be the first derivative of 2*f**3/3 + 9*f**2/2 - f - 1. Let j = -6779 - -6774. Let p be o(j). Let u(q) = -q**3 + 5*q**2 - 3*q - 3. What is u(p)?
1
Let x be 45/((-55)/(-11)) - 4. Let k(b) be the first derivative of 5/3*b**3 - 3/2*b**2 + 1 - 1/4*b**4 + 7*b. Give k(x).
-8
Let a(j) = 2*j**3 + 10*j**2 + j - 1. Let c(r) = -158*r**3 + 315*r**3 + 0 - 2*r**2 - 158*r**3 + 1. Let q(d) = -a(d) - 3*c(d). Give q(5).
18
Suppose -2*r - 5*i = 133, -3*r = -5*i + 268 - 6. Suppose -185 = -5*z + 190. Let m = z + r. Let p(w) = 5*w + 3. What is p(m)?
-17
Suppose -25 + 4 = -3*c. Suppose 0 = -3*s - 5*m - 4, 0*s + 4 = s - m. Let t(l) = 9 + 263*l**s - 523*l**2 - 2*l + 7*l + 259*l**2. What is t(c)?
-5
Let m(i) = -i**2 - 11*i - 11. Suppose h + 0*h = 7*h. Let l(b) = b**2 + 3*b - 10. Let s be l(h). Determine m(s).
-1
Let i(r) = -8*r + 105. Let h(c) = c**2 - 26*c - 302. Let j be h(-9). What is i(j)?
1
Let m(j) = -6*j**2 - j - 1. Let y(h) = 2*h**3 - 22*h**2 + h - 12. Let z(s) = 13*s**2 - s - 1. Let o be z(1). Let c be y(o). Calculate m(c).
-6
Let h(f) = f + 3. Suppose 8 = 10*i - 12*i, -3*i = 4*z - 20. Give h(z).
11
Suppose 28*f = -67*f + 665. Let t(z) = z**3 - 6*z**2 - 8*z + 19. Determine t(f).
12
Let z(h) be the second derivative of h**6/360 - h**5/40 - h**4/24 + 7*h**3 - 5*h + 1. Let q(y) be the second derivative of z(y). Calculate q(3).
-1
Let v = -17 - -15. Let b be 0*(-3)/(2 + 7)*1. Let k(i) = -2*i + 4*i - 1 - 10*i + b*i. Calculate k(v).
15
Let t = 16515 + -16519. Let g(r) be the third derivative of r**5/60 - r**2. What is g(t)?
16
Let s(y) = -3*y**3 + 3*y**2 + 3*y + 3. Let l be 1 + (0 - (2 - -1)). Let k(a) = 5 - 60*a + 35*a - 7*a**3 + 32*a + 7*a**2. Let q(t) = l*k(t) + 5*s(t). Give q(0).
5
Let t(v) = -v**2 + 23*v + 157. Let r = -47267 + 47262. Calculate t(r).
17
Let n(k) = k**2 - 15*k + 33. Let y = -4134 + 4148. What is n(y)?
19
Let m be (12/8 + -2)*10. Let b(l) be the third derivative of -2/3*l**3 + 0 - 1/12*l**4 + 0*l - 28*l**2. What is b(m)?
6
Let h(m) be the second derivative of m**6/360 + m**5/40 + 11*m**4/12 + m**2 - 8*m + 5. Let j(x) be the third derivative of h(x). Give j(6).
15
Let s(n) = n**3 + 5*n**2 - 2*n + 3. Let t be s(-5). Let k(o) = -21*o - 355. Let u be k(-17). Let q(x) = 8*x**u - x - t*x**2 + 7*x**2. Determine q(3).
15
Let o = 3976 + -3997. Let h(z) = -z**2 - 25*z - 73. Calculate h(o).
11
Let p(h) be the third derivative of h**6/120 + h**5/20 - h**2 - 250*h. Determine p(-4).
-16
Let k(d) = -d**3 + d**2 - d - 1. Let j(t) = -4*t**3 + 3*t**2 - 2*t - 4. Suppose 3*g - 2 = g - 4*w, -